t b be l(-8). Let k(o) = -b*o - 5*o**2 + 3*o - 2*o**3 - 1 + o**3. What is the remainder when 23 is divided by k(-5)?
9
Suppose -17 = -4*h + 3, -20 = -3*l + 5*h. What is the remainder when 27 is divided by l?
12
Let r be -1 + (-10)/(-14) - (-111)/21. Calculate the remainder when ((-20)/r)/2 + 47 is divided by 24.
21
Suppose -2*q - 2*t + 50 - 14 = 0, -3*t - 15 = 0. Suppose 26 = -u - 5*y, -y + q = 2*u - 6*y. What is the remainder when 29 is divided by -3*1 - 18/u?
14
Let g be -4 - (2/1)/2. Let r(o) = -49*o + 5. Let x be r(g). Suppose t - x = -4*t. What is the remainder when t is divided by 17?
16
Let f = 1320 - 724. Calculate the remainder when f is divided by 13.
11
Let z(h) = -17 + 3 + 1 - 4*h + 2. What is the remainder when z(-12) is divided by 10?
7
Let j = 207 - 192. Calculate the remainder when 342 is divided by j.
12
Let k = 935 + -863. What is the remainder when 209 is divided by k?
65
Calculate the remainder when 181 is divided by 14/84*(2 + 100).
11
Let x = 65 + -12. Calculate the remainder when x is divided by 14.
11
Let k(q) = -3*q + 37. Let m be (12/10)/((-6)/(-15)). Suppose -m*o = -2*o - 10. Calculate the remainder when k(0) is divided by o.
7
Let x(t) = -t + 4. Suppose -2*z + z + q = -23, -119 = -5*z + q. Let w be (-46)/8 - 6/z. Calculate the remainder when 28 is divided by x(w).
8
Suppose -5*f = -4*g + 21, -4*f - 20 = 3*g - 59. Let v(d) = -2*d + 31. What is the remainder when 88 is divided by v(g)?
10
Suppose -42 = -3*a - 3*f, -32 = 3*a - 5*f - 98. Calculate the remainder when 48 is divided by a.
14
Suppose -12*f - 35 = -15*f - 5*a, -3*a + 2 = -2*f. Suppose -s + 35 = 5*y + 4*s, -2*y + 5*s = -49. Calculate the remainder when y is divided by f.
2
Suppose -19 = -w - 2*l, -5*w + 5*l + 153 - 118 = 0. What is the remainder when 98 is divided by w?
10
Suppose -101 + 38 = -21*d. Calculate the remainder when 59 is divided by d.
2
Let f = 2 - -13. What is the remainder when 154/(-2618) + 2008/34 is divided by f?
14
What is the remainder when (2 - -2) + -30 + 109 is divided by 17?
15
Suppose -5*y + 28 = 4*j, -3*y + 8 = -j - j. What is the remainder when 66 is divided by y?
2
Suppose -6*f - 391 = -29*f. Calculate the remainder when 44 is divided by f.
10
What is the remainder when (-17)/(-136) + 4317/24 is divided by 37?
32
Suppose 2*y + 2*d = 84, 3*y - 5*y - 5*d = -75. Let s(o) = -o**3 - 6*o**2 + 5*o + 10. Suppose 5*q + 28 = q. Calculate the remainder when y is divided by s(q).
21
Let t = -143 + 161. What is the remainder when 232 is divided by t?
16
Suppose 4*m - 622 = 46. Let r(q) = -9*q**2 - 95*q - 8. What is the remainder when m is divided by r(-10)?
41
Suppose p - 973 = -6*p. Suppose -358 = -3*z - p. Calculate the remainder when z is divided by 20.
13
Suppose -4*a = 25 - 13, 357 = 5*q + a. What is the remainder when q is divided by 20?
12
Let u = 95 - 50. Calculate the remainder when 99 is divided by u.
9
Calculate the remainder when 49 is divided by (-4)/(-3) - (-5)/3.
1
Suppose -5*u + 5 = 2*b + 2*b, -u + 5*b - 28 = 0. Let z = u - -5. Suppose 0 = -z*y + 2 + 4. Calculate the remainder when 13 is divided by y.
1
Let y be (-8)/(-3)*6/40*5. Suppose -5*b + 2*a - 3*a = -103, -y*a + 86 = 4*b. Calculate the remainder when 56 is divided by b.
16
Let m be (-150)/(-22) - 4/(-22). Suppose 5*y - m - 8 = -5*d, 0 = -3*d - 6. Calculate the remainder when y is divided by 0 - 3/(6/(-8)).
1
Let h(t) = -t**2 + 15*t - 8. Let l be h(14). Suppose l*g = 4*g + 100. Calculate the remainder when g is divided by 14.
8
Let k(h) = h**2 - 4*h - 11. Let p be k(6). Suppose 4 - p = t. Suppose t*n + 62 - 359 = 0. Calculate the remainder when n is divided by 25.
24
Let f be 3 - (-34 + (-5 - -2)). Let d be (-17)/(-2) - 3/6. Suppose d*g - f = 4*g. Calculate the remainder when 38 is divided by g.
8
Let c(p) = -p**2 - 28*p - 104. Suppose 4*j - 2*g - 666 = 0, -5 + 0 = 5*g. What is the remainder when j is divided by c(-22)?
26
Suppose 23*g - 26*g = -90. Suppose 0 = 3*v - 0*i - 5*i - g, 6 = 2*i. Calculate the remainder when 149 is divided by v.
14
Let m(r) = 70*r - 92. What is the remainder when m(3) is divided by 7?
6
What is the remainder when (4/2)/(2/529) is divided by 13?
9
Let s(x) = -x + 67. Calculate the remainder when 186 is divided by s(14).
27
Suppose 5*m + 0*m + w = 28, 4*m - w - 17 = 0. Suppose -2*l = -4*n + 122, 0*n + 2*n - m*l = 65. What is the remainder when n is divided by 11?
8
Suppose -4*q - 5*w = -56, -5*q - 15*w = -13*w - 53. Calculate the remainder when 70 is divided by q.
7
Suppose k = -10 + 36. Calculate the remainder when 79 - (-6 - -4)*-1 is divided by k.
25
Let l(j) = -26*j - 118. Calculate the remainder when l(-7) is divided by 3.
1
Let t(z) = -5*z**3 + 5*z**2 + 5*z - 10. Let j(r) = 4*r**3 - 6*r**2 - 4*r + 11. Let m(w) = 6*j(w) + 5*t(w). Calculate the remainder when m(-11) is divided by 1.
0
Let a = -203 - -218. What is the remainder when 80 is divided by a?
5
Suppose 0 = -2*z - z - 6. Let u(y) = y**3 + y + 2. Let l be u(z). Calculate the remainder when (-2)/l + 86/8 is divided by 4.
3
Suppose -2*r + 235 = 3*r. Calculate the remainder when r is divided by 15/(-2)*368/(-115).
23
Let o be 2*(-2 - -3) - -2. Suppose -o - 4 = b. Let j(t) = -2*t - 11. What is the remainder when 17 is divided by j(b)?
2
Let n(r) = r**2 - 18*r - 12. Let x be n(19). Let b(f) = f**3 - 6*f**2 - 6*f - 1. What is the remainder when b(x) is divided by 4?
2
Let i = -144 - -112. Let y = -23 - i. Calculate the remainder when (5 + 2)/(1/5) is divided by y.
8
Let g(c) = 4*c**2 - c - 1. Suppose z = 3 + 8. Let f = 17 - z. Calculate the remainder when g(-2) is divided by f.
5
Suppose -4*q + 0*q = -144. Suppose 132*o - 128*o - 276 = 0. What is the remainder when o is divided by q?
33
Suppose r + 5 = 5*p, 3*r - 1 = 4*p + 6. What is the remainder when p is divided by 120/54 - 2/9?
0
Calculate the remainder when 91 is divided by (-4)/14 + (8 - (-1190)/49).
27
Let w(f) be the first derivative of -8 + f + 81/2*f**2. Calculate the remainder when w(1) is divided by 21.
19
Let t(p) = 12*p**3 + p**2 - p + 1. Let l be t(1). Let f(i) = i**3 - 13*i**2 + 7*i + 2. What is the remainder when f(l) is divided by 148/6 + (-6)/9?
21
Let r(q) = -q**2 + 7*q - 9. Let h be r(6). Let w be -3 - 0/h - -7. Let t = w - -21. Calculate the remainder when 47 is divided by t.
22
Suppose -5*o + 94 = -111. Suppose -2*j - 2*j = -4, -j - o = -2*g. Calculate the remainder when 41 is divided by g.
20
Let s = -98 - -150. Suppose -s = -3*m + 266. Calculate the remainder when 52 is divided by (-15)/(-20) + m/8.
10
Let w(c) = -c**2 + 9. Let q(v) = 6*v + 2. Let z be q(3). Suppose -4*a + z + 48 = 0. What is the remainder when a is divided by w(0)?
8
Suppose -2*g + 148 = -10*v + 6*v, 0 = -g + 5*v + 74. What is the remainder when 369 is divided by g?
73
Let v = -4 - -12. Suppose y = -0*y. Suppose -17*q + 12*q + 150 = y. Calculate the remainder when q is divided by v.
6
Suppose -6 = -p - 5. Suppose 4*l + 2 = -4*w - 14, l - 4*w = 1. What is the remainder when 16 is divided by ((-3 + l)/p)/(-1)?
4
Suppose -8*q - 100 = -340. What is the remainder when 54 is divided by (q + -15)/(-1*1*-1)?
9
Let o(s) = s**2 - 44*s - 293. What is the remainder when o(51) is divided by 32?
0
Suppose 394*c - 392*c - 46 = 0. What is the remainder when 90 is divided by c?
21
Let p = -534 - -547. What is the remainder when 79 is divided by p?
1
Suppose 0 = -16*n + 56 - 8. Suppose t - 4 - 5 = -3*q, 3*t - 27 = -2*q. What is the remainder when t is divided by n?
0
Let x(b) = 31*b**3 - b**2 + b. Let z(o) = -2*o**2 - 3*o - 16. Let j be z(-5). What is the remainder when x(1) is divided by (-3 - j/9)/((-3)/(-18))?
15
Let k(c) = c**3 + 8*c**2 + 10*c + 8. Let r(u) = u + 37. What is the remainder when r(42) is divided by k(-6)?
19
Let a = 12 - -7. Suppose r = 6*r - 4*b - 29, 3*r = 4*b + a. Suppose 14*f + 5*f = 361. What is the remainder when f is divided by r?
4
Suppose -4*v - 4 = -112. Let k = 75 - 68. What is the remainder when v is divided by k?
6
Let n be (-1 + -5)*30/(-45). What is the remainder when 66 is divided by (n/(-6))/(4/(-114))?
9
Let v(r) = r**3 - 6*r**2 + 4*r - 1. Let z be v(4). Calculate the remainder when 1295/119 - 2/z is divided by 3.
2
Suppose -76 = -5*r + r. Suppose 0 = -w - 2*o + 32, 2*w + 2*w - 123 = -3*o. Suppose -w = -z - 2*z. Calculate the 